*c = 11. What is the remainder when k is divided by b?
1
Let a(v) = -14*v - 7 + v**2 - 2 - 6*v**2 + 4*v**2. Calculate the remainder when a(-8) is divided by 20.
19
Suppose -5*b = -9*b - 28. Let o(l) = l + 12. Let i(x) = x - 2. Calculate the remainder when i(11) is divided by o(b).
4
Suppose 2 + 18 = 2*r - 3*p, -22 = -2*r + 4*p. Let l(i) = -2*i**2 + 16*i - 1. Calculate the remainder when l(r) is divided by 8.
5
Let y be (-3)/(-21) - (-100)/35. Suppose -89 = -y*a + 130. Calculate the remainder when a is divided by 19.
16
Let r = 51 - 28. What is the remainder when r is divided by 9?
5
Suppose 2*q = -2*k + 14, 7*k = 4*k - 3. Let r(w) = -8*w - 1. Let p = 1 - 3. What is the remainder when r(p) is divided by q?
7
Suppose j = 3*m - 7, -25 = -j - 4*j. Suppose 41 = 3*g - m. What is the remainder when 29 is divided by g?
14
Let p = 62 - 42. Calculate the remainder when p is divided by 7.
6
Suppose -2*u - 2*u + 344 = 0. Let w = u + -53. Let i(f) = 3*f - 9. What is the remainder when w is divided by i(6)?
6
Let j(v) = -v**3 + 6. Calculate the remainder when (19 - 36)/(2 + -5 + 2) is divided by j(0).
5
Let r(n) = n**3 - 7*n**2 + 10*n - 7. Suppose -5*f - 41 = -4*j, j - 7 = 5*f + 7. Calculate the remainder when r(6) is divided by j.
8
Let w = -11 - -12. Let h(o) = -o - 2. What is the remainder when w is divided by h(-3)?
0
Let w(g) = 2*g**2 - 4*g - 3. Let j be (-150)/3*(0 + -1). Let v = -12 + j. What is the remainder when v is divided by w(-2)?
12
Suppose w - 45 = 3*f + 5, -20 = 4*f. Suppose 4*k = -2*p + 38, -k + 4*k = -2*p + w. Calculate the remainder when p is divided by 5.
3
Suppose -2 = -3*k + 1. What is the remainder when 27 is divided by 1*(k - -3) + 3?
6
Let p = 56 + -27. Calculate the remainder when 113 is divided by p.
26
Let s be 2/9 + 32/18. Suppose 0 = 5*f + 5*l - 155, -s*l = -4*f + l + 145. Calculate the remainder when f - (2 + 3*-1) is divided by 12.
11
Suppose -39 = -19*q + 151. What is the remainder when 67 is divided by q?
7
Suppose 4*o - 76 = 224. What is the remainder when o is divided by 13?
10
Let j = 167 + 9. Suppose -2*y - j = -6*y. Calculate the remainder when y is divided by 15.
14
Let g(j) = 5*j + 1. Let y(n) = -n**3 + 8*n**2 - 12*n + 31. What is the remainder when y(6) is divided by g(2)?
9
Suppose 11 = 3*i - 25. Let u(l) = l**2 + l. Let t(v) = -v**2 - 3*v + 2. Let y(m) = t(m) + 2*u(m). What is the remainder when y(-4) is divided by i?
10
Suppose -4*r + 1 = -5*u + 52, -u = -5*r - 27. What is the remainder when u is divided by 4?
3
Suppose -2*u - 2 = n, -n + u - 1 = -2. Suppose -2*k + 3 + 7 = n. What is the remainder when 19 is divided by k?
4
Let a(h) = -2*h - 7. What is the remainder when 33 is divided by a(-13)?
14
Let y = 21 - 15. Calculate the remainder when -4 + 2 + (-1 - -20) is divided by y.
5
Suppose n - 9*n + 256 = 0. Let m = 41 + 20. What is the remainder when m is divided by n?
29
Let v(h) = h**2 + 5*h - 10. Let g = -4 - 3. Let a be v(g). Suppose -15 = -a*f - f. What is the remainder when 11 is divided by f?
2
Suppose 2*b + 2*s = -s + 33, -9 = -2*b + 5*s. Calculate the remainder when 70 is divided by b.
10
Let s(v) = v**2 - 12*v - 3. Let r be s(12). What is the remainder when 32 is divided by ((-1)/r)/(5/165)?
10
Let i be -8 - (-4 + 2 + 0). Let s(x) = -1. Let t(p) = -p + 5. Let j(n) = s(n) + t(n). Calculate the remainder when 29 is divided by j(i).
9
Let b(s) be the second derivative of -s**5/10 - 5*s**4/12 - s**3/2 - s**2 + 8*s. What is the remainder when -2*-2*61/4 is divided by b(-3)?
13
Suppose 0 = -3*b + 4*i - 119, -8 = -i - 3. Let f = -14 - b. Suppose 0 = 2*o - 2*w - 24, -5*o + w = 4*w - 44. What is the remainder when f is divided by o?
9
Let b = 56 - -9. Suppose d - 5*d + 93 = -h, -2*h = -4*d + 98. What is the remainder when b is divided by d?
21
Let z = -142 - -215. Calculate the remainder when z is divided by 19.
16
Suppose -2*l + 5*l = 51. What is the remainder when l is divided by 9?
8
Let m = 5 - -2. What is the remainder when m is divided by 2?
1
Let g(p) = p**2 + 3*p + 3. Let u be g(-3). Let i be (-23)/(-1) + -6 + u. Let a = i - 12. What is the remainder when 15 is divided by a?
7
Let t be (8/(-10))/(1/20). Let b = -4 - t. Suppose -2*d + 7*d - 110 = 0. What is the remainder when d is divided by b?
10
Let i(h) = -h**2 - 21*h + 24. Calculate the remainder when i(-17) is divided by 31.
30
Let p(q) = q**3 + 10*q**2 - 29*q - 8. Calculate the remainder when p(-12) is divided by 18.
16
Let u be -2 + 2 - (4 + 0). Let l = u - -13. What is the remainder when 16 is divided by l?
7
What is the remainder when ((-180)/(-6) - 0) + -5 is divided by 15?
10
Suppose 0 = -c + 5, 3*d - 5 = -2*c - 2*c. Let q = d + 10. Let l = -5 - -8. Calculate the remainder when q is divided by l.
2
Suppose c = 6*c + 50. Calculate the remainder when 7 is divided by (0 - (-4)/c)*-10.
3
Suppose -15 = 2*u + 3*u, 0 = -z - u. What is the remainder when 3 is divided by z?
0
Let p(s) = -s**3 - 11*s**2 - 38*s - 170. Suppose -2*z = -4*z - 3*f + 37, 4*z + 3*f = 71. Calculate the remainder when z is divided by p(-9).
7
Let s = 0 - -2. Let o = 1 - s. Calculate the remainder when ((-1)/o + 25)*1 is divided by 9.
8
Suppose -a = 4*p - 97, -87 + 2 = -a - p. What is the remainder when a is divided by 28?
25
Let c = -107 - -49. Calculate the remainder when (c/6)/(6/(-36)) is divided by 15.
13
Let p be 2/(-5) + (-44)/(-10). Suppose 0 = -5*u + p + 1. Suppose -2*j - u = -5. Calculate the remainder when j is divided by 1.
0
Suppose 2*k = -4*p + 70, -p = 4*k - 4 - 3. Calculate the remainder when p is divided by 4.
3
Let d(g) be the second derivative of 0 + 3*g - 7/2*g**2 - 3/2*g**3. Calculate the remainder when d(-7) is divided by 19.
18
Suppose 13*i + 8 = 14*i. Let f = 0 + 2. Suppose -10 - 20 = -f*s. Calculate the remainder when s is divided by i.
7
Suppose 16 = 2*p + j, -4*p + j + 12 = -2*j. Suppose -s + p = -2*s. Let k = 8 + s. Calculate the remainder when 3 is divided by k.
1
Let m = 148 - 97. Let t(f) = 28*f - 1. Calculate the remainder when m is divided by t(1).
24
Suppose 7*l + c = 3*l + 349, -5*l - 4*c + 428 = 0. Suppose -4*q + 8*q = l. Calculate the remainder when q is divided by 12.
10
Let y(v) = 4*v**2 - v - 2. Suppose a - 5*c - 11 = 3*a, 0 = -5*a + 5*c + 25. What is the remainder when y(-1) is divided by a?
1
Let v(k) = -15*k**2 - k + 2. Let z be v(1). Calculate the remainder when 7 is divided by 6/21 - 38/z.
1
Let l be 2/(-2) + -2 - 277. Let p be (-2)/8 + l/32. What is the remainder when ((-39)/p)/((-1)/(-3)) is divided by 7?
6
Suppose -14 = -4*o + 54. Suppose -4*r - 7 = 9, 3*m - 2*r = o. Calculate the remainder when 10 is divided by m.
1
Let i = -24 - -17. Let w = i - -16. Calculate the remainder when w is divided by 4.
1
Suppose 2*r + 5*u - 69 = 0, 0 = r + r - 2*u - 62. What is the remainder when r is divided by (55/(-20) + 3)*(66 - -2)?
15
Let h(s) = 14*s + 2. What is the remainder when h(5) is divided by 25?
22
Let n(l) = -13*l + 12. What is the remainder when 36 is divided by n(0)?
0
Let v be -1 + (12 - (2 + -2)). Suppose -3*y - 2*t + 2 = 0, 4*y + t - v = -5. Calculate the remainder when 12/y*36/8 is divided by 14.
13
Let a = 20 - 11. What is the remainder when 17 is divided by a?
8
What is the remainder when 23 is divided by (-134)/(-11) - (-14)/(-77)?
11
Let p(y) = -y**3 - 7*y**2 + 5*y + 4. What is the remainder when p(-8) is divided by 9?
1
Let k(u) = u**3 + 29*u**2 - 30*u + 26. Calculate the remainder when 129 is divided by k(-30).
25
Calculate the remainder when 89 is divided by 6/(-2) + 2 - (-1 - 31).
27
Suppose 0 = -0*g - g + 15. Suppose 7*h = h + 36. What is the remainder when (1 - 7)*g/(-9) is divided by h?
4
Suppose -5*k = 5*c, 3*c - 2 = -k + 6. Suppose -5*i + 254 = -3*w, 17 - 5 = -c*w. Calculate the remainder when i is divided by 17.
15
Suppose h = 27 + 3. Let z(t) = 2*t - 1. What is the remainder when h is divided by z(6)?
8
Let b = 2 - -5. Let x = 18 - 7. Let l = 30 - x. Calculate the remainder when l is divided by b.
5
Let l = -57 - -72. What is the remainder when 39 is divided by l?
9
Suppose -5*h + 12 = 2*g - 93, -2*h + 28 = -2*g. Suppose 2*z - 3 - 17 = 0. Suppose -z*q + 275 = -5*q. Calculate the remainder when q is divided by h.
17
Suppose -2 + 0 = 2*f, 0 = 4*x + 3*f - 41. Calculate the remainder when 31 is divided by x.
9
Let 